 k(-43).
12
Let x(r) = 13*r**3 - 6577*r**2 + 6571*r + 5. What is x(1)?
12
Let p(y) = -8*y**3 + 50*y**2 + 41*y - 1. What is p(7)?
-8
Let q(b) = b**3 - 84*b**2 - 335*b + 6479. What is q(87)?
41
Let l(s) = s**2 + 53789*s - 1291514. Calculate l(24).
-2
Let v(a) = 11*a**3 + 413*a**2 + 395*a - 5. Determine v(-1).
2
Let c(r) = 3*r**3 + 8*r**2 - 21*r - 30. What is c(-5)?
-100
Let w(f) = f**3 - 40*f**2 + 327*f - 51. Give w(26).
-1013
Let f(c) = 6*c**3 + 5*c**2 - 275*c - 561. What is f(-2)?
-39
Let x(h) = h**3 + 171*h**2 + 240*h - 16566. Determine x(-169).
-4
Let g(t) = -33437*t - 234116. Calculate g(-7).
-57
Let y(m) = m**2 + 100*m - 574. What is y(-92)?
-1310
Let k(m) = m**2 + 177*m + 9025. Give k(-104).
1433
Let f(y) = -713*y**2 + 10642*y - 44. What is f(15)?
-839
Let f(r) = -908*r + 2233. Determine f(3).
-491
Let n(k) = k**3 + 262*k**2 - 1323*k + 3730. What is n(-267)?
526
Let f(g) = 2731*g + 34058. Determine f(-12).
1286
Let w(n) = -n**2 - 2339*n - 213177. Calculate w(-95).
3
Let p(x) = -42*x**2 - 2588*x + 2597. Give p(1).
-33
Let g(n) = -47*n**2 + 450*n - 2248. Determine g(5).
-1173
Let z(a) = -a**2 - 4472*a + 290310. What is z(64)?
6
Let v(b) = -9*b**2 - 1899*b - 69376. Calculate v(-164).
-4
Let p(t) = 89949*t + 3148263. Give p(-35).
48
Let y(j) = -45*j**3 + 53*j**2 + 83*j + 3. Determine y(3).
-486
Let n(x) = -x**2 + 165*x + 91. Calculate n(164).
255
Let l(g) = -g**3 + 216*g**2 + 197*g + 4042. Give l(217).
-298
Let i(g) = -3*g**2 - 22959*g + 391173. Calculate i(17).
3
Let c(v) = -10*v**2 - 191*v + 377. Determine c(2).
-45
Let j(r) = -237*r**3 - 36969*r**2 + 484*r + 2495. Give j(-156).
-1
Let p(y) = -4908*y + 191460. Determine p(39).
48
Let k(h) = 5*h**3 + 480*h**2 - 7*h + 186. Give k(-96).
858
Let b(j) = 2*j**3 - 9*j**2 - 85*j + 621. Calculate b(7).
271
Let m(b) = 919*b**2 - 1040328*b + 22631. Give m(1132).
-9
Let y(q) = 392790*q + 23567402. Give y(-60).
2
Let t(u) = -71837*u + 2011433. What is t(28)?
-3
Let k(h) = -2665*h + 202545. Give k(76).
5
Let y(h) = 201*h**2 + 107333*h - 524. Calculate y(-534).
10
Let m(f) = 1210*f + 8165. Give m(-7).
-305
Let m(z) = z**2 - 1038*z - 39768. What is m(-37)?
7
Let b(p) = p**3 - 737*p**2 - 5982*p - 5425. Determine b(-7).
-7
Let n(v) = 3*v**2 - 16899*v. What is n(0)?
0
Let b(c) = 2*c**3 - 68*c**2 + 322*c - 202. What is b(4)?
126
Let m(g) = 114*g + 4402. Determine m(-37).
184
Let g(o) = 110848*o - 1219252. Determine g(11).
76
Let j(k) = 5*k**2 - 1421*k + 41434. What is j(33)?
-14
Let t(s) = 2*s**2 - 15509*s + 124050. Give t(8).
106
Let o(i) = 11096*i - 66580. What is o(6)?
-4
Let o(g) = -21*g - 83. What is o(42)?
-965
Let y(l) = l**3 - 72*l**2 - 1727*l + 128007. What is y(71)?
349
Let v(d) = 1737*d - 8566. Determine v(5).
119
Let v(u) = 8488*u - 840273. Give v(99).
39
Let c(f) = -2*f**3 + 29*f**2 - 106*f + 370. Calculate c(8).
354
Let t(k) = k**2 + 41*k + 344. What is t(-28)?
-20
Let o(c) = -19713*c**2 - 34320332*c + 1744. What is o(-1741)?
3
Let i(u) = -305*u + 29873. What is i(98)?
-17
Let o(l) = 59959*l + 839514. Give o(-14).
88
Let d(k) = 20*k**2 - 672*k - 1722. What is d(36)?
6
Let r(l) = -1009*l - 162446. Calculate r(-161).
3
Let b(z) = -6*z**3 + 743*z**2 + 94*z + 3682. What is b(124)?
-38
Let p(g) = 6*g**3 - 460*g**2 - 111*g - 2953. Determine p(77).
358
Let m(u) = -9*u**2 + 82*u - 134. What is m(7)?
-1
Let v(h) = -560*h + 21367. Give v(37).
647
Let o(t) = 480*t + 4340. What is o(-9)?
20
Let s(g) = 412*g - 40999. Determine s(103).
1437
Let i(c) = 10*c**3 + 18*c**2 - 30*c + 20. Calculate i(1).
18
Let p(n) = -133*n - 10375. What is p(-76)?
-267
Let r(h) = 129*h**2 - 4388*h + 66. What is r(34)?
-2
Let r(p) = 2*p**3 - 83*p**2 - 616*p + 26935. What is r(41)?
-2
Let d(c) = 4*c**2 + 88*c - 6. Calculate d(-14).
-454
Let v(o) = o**3 - 10*o**2 - 4171*o + 37624. What is v(9)?
4
Let p(q) = 2985*q - 196907. Determine p(66).
103
Let r(i) = 14*i**3 - 152*i**2 + 27*i - 165. Determine r(12).
2463
Let o(a) = 102*a - 420. Give o(51).
4782
Let l(f) = -25*f**2 - 4711*f - 27361. What is l(-6)?
5
Let z(l) = -302*l + 4839. Give z(16).
7
Let c(x) = x**2 + 5440*x - 87139. Determine c(16).
157
Let r(h) = 2607*h + 150813. Give r(-58).
-393
Let r(a) = 2*a**3 - 354*a**2 - 1064*a - 3045. What is r(180)?
-165
Let c(s) = 68*s**2 + 340*s + 587. Calculate c(-4).
315
Let l(b) = -1333*b - 1119. Calculate l(-1).
214
Let p(g) = 63013*g + 945197. Calculate p(-15).
2
Let t(a) = a**3 + 83*a**2 + 1236*a - 439. What is t(-20)?
41
Let p(x) = -69706*x - 139403. Give p(-2).
9
Let g(q) = 306*q + 81168. Determine g(-265).
78
Let l(n) = -465*n + 1611. What is l(8)?
-2109
Let l(j) = -2*j**3 - 69*j**2 + 673*j + 281. Give l(-42).
-1525
Let u(y) = -24924*y**2 - 99697*y - 16. Determine u(-4).
-12
Let g(p) = -8*p**2 - 93*p - 1669. Give g(-17).
-2400
Let k(m) = 79*m + 5050. Give k(-64).
-6
Let g(b) = b**3 + 113*b**2 + 363*b - 319. Determine g(-4).
-27
Let z(n) = -9*n**2 - 313*n - 330. Determine z(-33).
198
Let b(v) = v**3 - 145*v**2 - 443*v - 555. Calculate b(148).
-407
Let n(o) = 16*o - 1393. Give n(42).
-721
Let x(z) = -503967*z + 3023856. What is x(6)?
54
Let p(k) = -64*k**3 + 51*k**2 + 15*k - 8. Determine p(1).
-6
Let r(p) = -62*p - 2773. Determine r(-42).
-169
Let n(z) = -z**3 - 122*z**2 + 760*z + 60. Determine n(6).
12
Let b(o) = 1097658*o + 38418027. Calculate b(-35).
-3
Let u(o) = o**3 + 4*o**2 - 326*o + 1866. Give u(8).
26
Let m(j) = -13*j**3 + 8*j + 3. Determine m(1).
-2
Let n(y) = 5*y**3 - 41*y**2 - 433*y + 380. Give n(14).
2
Let y(c) = c**3 + 34*c**2 - 1154*c + 67. Determine y(-55).
12
Let l(q) = 4*q**2 - 2297*q - 176827. Calculate l(643).
-2
Let r(t) = 57337*t + 30904641. Calculate r(-539).
-2
Let u(a) = 679*a + 54206. Determine u(-80).
-114
Let t(g) = g**2 + 273*g + 14269. Calculate t(-218).
2279
Let x(d) = -2*d**3 + 89*d**2 + 44*d + 45. Give x(45).
0
Let s(t) = -123*t - 1101. Give s(-20).
1359
Let k(n) = 80*n + 786. Give k(-13).
-254
Let k(n) = 13*n**3 - 19*n**2 + 24*n + 19. Give k(2).
95
Let n(l) = l**3 - 77*l**2 + 229*l - 321. What is n(74)?
197
Let n(h) = h**3 + 22*h**2 - 882*h + 1950. Determine n(19).
-7
Let r(v) = -v**3 + 89*v**2 - 611*v - 8716. What is r(80)?
4
Let q(s) = -17*s**3 + 12*s**2 - 47*s + 8. Calculate q(5).
-2052
Let y(z) = 104673*z + 941934. What is y(-9)?
-123
Let i(j) = 7*j**2 + 502*j + 4008. What is i(-9)?
57
Let t(b) = -5385*b + 4749569. Determine t(882).
-1
Let y(v) = -109*v**3 + 4*v**2 - 836*v + 1653. What is y(2)?
-875
Let n(z) = -448*z + 2477. Give n(6).
-211
Let a(w) = -6*w**3 - 127*w**2 + 778*w + 569. Determine a(-26).
-55
Let v(l) = -11*l**3 - 344*l**2 - 367*l - 21. Determine v(-1).
13
Let u(j) = 505926*j - 4047403. Determine u(8).
5
Let p(k) = 14*k**2 - 2781*k + 1767. Determine p(198).
-15
Let q(n) = n**3 + 30*n**2 + 63*n + 265. Determine q(-28).
69
Let m(h) = -91*h + 3938. Give m(21).
2027
Let i(d) = -d**2 + 118*d - 5421. Determine i(63).
-1956
Let m(d) = -d**3 + 339*d**2 + 28146*d - 409. What is m(-69)?
5
Let s(v) = -524931*v + 524957. Determine s(1).
26
Let v(l) = 1792*l - 8903. What is v(5)?
57
Let z(n) = -570*n**2 - 268*n + 533. Give z(2).
-2283
Let v(a) = -7*a**2 - 315*a + 2229. What is v(7)?
-319
Let k(w) = -12*w**2 - 18*w - 666. Calculate k(-6).
-990
Let b(f) = -f**2 + 762*f + 51089. Give b(-62).
1
Let f(q) = -162*q + 33953. What is f(221)?
-1849
Let t(c) = c**3 + 74*c**2 - 187*c - 2742. Give t(-76).
-82
Let b(j) = j**2 - 45782*j + 320436. Give b(7).
11
Let x(f) = -2*f**3 - 86*f**2 + 436*f - 97. Give x(-48).
2015
Let l(f) = -732736*f - 2198210. Give l(-3).
-2
Let o(p) = 4*p**3 - 2534*p**2 + 1272*p - 3802. Calculate o(633).
-4
Let v(p) = -p**2 + 1349*p - 84669. Calculate v(66).
9
Let m(h) = -27440*h - 576326. Calculate m(-21).
-86
Let o(f) = 5491*f - 466724. Calculate o(85).
11
Let d(s) = 3569*s - 21211. Give d(6).
203
Let d(h) = -26*h**2 + 5077*h + 8863. Give d(197).
-2
Let v(w) = 2*w**3 + 6*w**2 - 17*w + 88. Calculate v(0).
88
Let f(p) = -p**2 - 16925*p - 1. What is f(0)?
-1
Let l(u) = 70*u**2 - 233*u + 49. What is l(6)?
1171
Let p(c) = c**2 - 64*c - 627. What is p(67)?
-426
Let l(a) = -9093*a - 18461. Give l(-2).
-275
Let c(n) = -237*n - 541. Determine c(-1).
-304
Let p(w) = -2*w**3 - 142*w**2 + 285*w - 11572. What is p(-74)?
194
Let f(u) = 2313720*u + 2. Give f(0).
2
Let o(q) = 49*q**3 - 45*q**2 + 41*